4*f + 1. Let y be z(s). Let p(d) = -d**3 - 1894 + d**2 - 5*d**2 + 1893 - 3*d. Determine p(y).
11
Let w(l) = -13*l - 19. Let y be w(-2). Let x(j) = j**2 - 10*j + 10. Calculate x(y).
-11
Let b(g) = -2*g + 2 + 0*g + g**3 + 7*g + 8*g**2 + 2. Give b(-7).
18
Let r(i) be the third derivative of -1/60*i**5 + 2/3*i**3 - i**2 + 0*i + 0 + 1/24*i**4. Let a(u) = u**3 - 4*u**2 + 3*u. Let h be a(3). Give r(h).
4
Let b be 0 - (-16)/24*9. Let y(h) be the third derivative of h**6/120 - 7*h**5/60 + h**4/4 + h**3 + 2*h**2. Determine y(b).
6
Suppose -5*i + 1 = 3*v, -2*v - 5*i = -3*v + 7. Let n(w) be the third derivative of w**4/8 - 101*w**2. What is n(v)?
6
Let n(i) = -3*i**3 - 8*i**2 - 27 + 2*i**3 - i + 26 + i**2. Calculate n(-7).
6
Suppose v - 6 = 2*v. Let b be ((-14)/8 + 1)/(3/(-24)). Let z(j) = -14*j**2 + 35*j - 9. Let k(u) = -5*u**2 + 12*u - 3. Let f(o) = b*z(o) - 17*k(o). What is f(v)?
-3
Let k(r) = r**2 - r. Let i(p) = p**3 + 6*p**2. Let j be i(-3). Suppose 0 = b + 29 - j. Determine k(b).
6
Let n be 12/15 - (-272)/10. Let v = 29 - n. Let f(m) = v - 51*m + 52*m + 3. Determine f(0).
4
Let m(u) be the third derivative of u**4/24 + 12*u**2. Suppose 0 = f + 6*f - 56. What is m(f)?
8
Let v be 6/(-4)*8/(-12). Let p = v + -4. Let y(k) = 2*k + 213*k**2 - 63*k**2 - 77*k**2 + k**3 - 4 - 70*k**2. Calculate y(p).
-10
Let v(j) = j**2 + 7*j + 9. Suppose 3*i - 3*f = 81, 0 = 5*i - 2*f - 0*f - 126. Let z = i - 30. Determine v(z).
3
Let m(g) = -g**3 - 3*g**2 + 5*g + 4. Let o(q) = 5*q - 5. Let t(w) = -3*w**3 - w + 1. Let j be t(1). Let x be o(j). Let h = 16 + x. What is m(h)?
0
Let d(k) = k + 29. Let g(p) = -p - 15. Let y(a) = 3*d(a) + 5*g(a). Suppose -q + 30 = 4*v + 2, 2*v = -q + 16. Let w be y(v). Let m(l) = -l**3 - 9. What is m(w)?
-9
Suppose -5*v + 69 = 34. Let c(y) = -y**3 + 7*y**2 + 2*y - 6. Calculate c(v).
8
Let w(b) be the third derivative of b**4/8 - b**3 - 26*b**2. Let v be w(4). Let a(t) = t - 1. Determine a(v).
5
Suppose -5 = -7*x + 30. Let q(t) = 8*t**2 - 4*t - 5 - 11*t**2 - 3*t + t**3 + x*t. Let b = 7 + -3. Give q(b).
3
Suppose 0 = k - 4*y - 6, 5*k - k + y = 7. Let w(n) = -3 - 4*n**3 - 8*n - n**k + 5*n**3 + 0*n**3 + 6*n. Give w(3).
9
Let c(t) = 2*t. Let x(g) = 23*g**3 + 2*g**2 - 10*g + 1. Let b(m) = 6*c(m) + x(m). Determine b(-1).
-22
Let c(q) = q**3 + 7*q**2 + 7*q + 8. Let b be (-2)/((-16)/656*(-1 - -3)). Suppose 17*r + 61 = -b. Determine c(r).
2
Let i(p) = -6*p - 1. Let t(n) = 23*n + 3. Let z(f) = -9*i(f) - 2*t(f). Calculate z(-2).
-13
Let i(p) be the third derivative of -p**5/30 - p**4/6 - p**3/6 + 100*p**2. Calculate i(-3).
-7
Let h(b) = 2*b**2 - 18*b + 2. Let y be h(9). Suppose -3*q + 2*i = -22, 0 = y*q + 4*i + 20 - 8. Let r(p) = -4*p + 2. What is r(q)?
-14
Let r(y) = y**2 + 15. Suppose h = 3*m + 114, -3*m - 2*m = -4*h + 183. Let a = -39 - m. Give r(a).
15
Let x(a) = -15*a**3 - 285*a + 14*a**3 - a**2 + 283*a. Determine x(-2).
8
Let n(y) = 42*y - 12*y - 10*y + 3 - 13*y - 11*y - y**2. What is n(-6)?
-9
Suppose k = b + 4*b + 42, 4*k = 8. Let q(s) = -5*s + 10. Let n(d) = 2*d - 2. Let g(r) = -6*n(r) - 2*q(r). Calculate g(b).
8
Let r(v) = v**3 - 4*v**2 - 7*v + 7. Let p = 6 + -3. Let n = -2 - p. Let z be 20*(5/(-4))/n. What is r(z)?
-3
Let z be ((-6)/21)/(-2 + (-13)/(-7)). Let n(y) = -3*y**2 + 3. What is n(z)?
-9
Suppose -34*q = 26*q - 360. Let x(h) = -13*h + 14. Give x(q).
-64
Let m(q) = -q**2 - 11*q - 14. Let x be m(-10). Let v(s) = 3 + 1 + 26*s - 21*s. What is v(x)?
-16
Let x = 27 + -24. Let j(l) = 0*l - 32 + 0*l + 33 + x*l**2. What is j(1)?
4
Let n(k) be the second derivative of -k**3/3 + 6*k**2 - 107*k. What is n(9)?
-6
Suppose -4*s = -3*h - 32, -2*s + 3*h - 14 + 36 = 0. Let f(z) = 2*z - 28 - s*z + 0*z + 30. Determine f(5).
-13
Let v be 6/(-21) + 94/(-14). Let m(g) be the second derivative of -g**5/20 - 7*g**4/12 - 5*g**2/2 + 15*g + 3. Calculate m(v).
-5
Let z(c) = -c**2 - 7*c - 6. Suppose r - 2 - 8 = -5*m, -3*r + 50 = 5*m. Suppose -r = 4*j - 0*j. Give z(j).
4
Let l(i) = -208*i + 13 + 423*i - 216*i. Determine l(-5).
18
Let v be (-6)/(2/((-1)/(-1))) - 2. Let c be 3/v + 108/30. Let o(n) = n - 7. Calculate o(c).
-4
Let m(b) be the second derivative of b**4/12 - b**3 + 2*b**2 + 55*b. What is m(6)?
4
Let i be 3/(-8) + 4 + (-30)/(-80). Let p(y) be the second derivative of 5/12*y**i + 1/6*y**3 - 7*y - 1/2*y**2 + 0. Calculate p(1).
5
Let h(b) = -35 + 27 - 2 - b**2. Calculate h(0).
-10
Suppose -o + 0 = -2*i + 2, 2*i + 3*o + 6 = 0. Let t(b) = -2*b - 25. What is t(i)?
-25
Let a(z) = 3*z**2 + 4*z. Let j(k) = 12*k**2 + k - 1 + 11*k - 2*k**2 + 2. Let y(g) = -7*a(g) + 2*j(g). Let l be (-33)/6 + (-1)/(-2). Determine y(l).
-3
Let i(q) = 5*q + 5 + 2 - 5*q + 2*q. What is i(8)?
23
Let q(y) = 2*y**3 - y**2 + 2*y - 2. Let t be 2*(0 - 6)/(-6). What is q(t)?
14
Let h(w) = 1 - 2 + 9*w - 2*w - 11*w**2. Suppose 27*g - 23*g - 20 = 0. Let i(b) = 12*b**2 - 8*b + 1. Let r(j) = g*i(j) + 6*h(j). Calculate r(1).
-5
Let d(a) = 21*a**3 + 5*a**2 + 2*a. Let q be 0*3/6 - (2 - -1). Let l(i) = i**3 + i**2 + i. Let x(t) = q*l(t) + d(t). Give x(1).
19
Suppose g + 3*u = -u - 16, 3*u = -5*g - 12. Suppose g = -5*x - 1 + 11. Suppose -3 = -x*w - 5. Let m(k) = 8*k**2 - k. Determine m(w).
9
Let p(s) = 0*s**2 - 5 + 7*s**2 + 0*s**3 - 7*s - s**3 + 2*s. Suppose 4 = 3*h - 5*h. Let d = h + 8. What is p(d)?
1
Let w(u) = u**2 - 4*u + 1. Suppose i - 16 = 3*s, 5*s = -14*i + 9*i. Calculate w(i).
1
Let l(u) = 6*u + 62. Let k(b) = -11*b - 120. Let m(v) = 3*k(v) + 5*l(v). Calculate m(-18).
4
Let m(b) = 10*b**2 - 40*b - 44. Let q(z) = -2*z**2 + 8*z + 9. Let l(w) = 2*m(w) + 11*q(w). What is l(-5)?
-79
Suppose -36*f = -31*f. Let j(s) = f*s**2 + s**2 - 2 + 3 + 7*s. What is j(-5)?
-9
Let c(b) = 11*b + 2. Suppose -3*m - 11 = 7*z - 2*z, -4*m = -z + 7. Determine c(z).
-9
Let o(m) = -6*m**2 - 22 + 7 + 6 + 11*m**2 + 5*m - 4*m**2. Let f = -11 + 4. Determine o(f).
5
Let i(j) be the first derivative of 3*j**2/2 - 4*j + 94. Determine i(6).
14
Let z(l) = 5*l. Let b = -129 - -135. Let y(j) = -4*j + 1. Let d(c) = b*z(c) + 7*y(c). Calculate d(-6).
-5
Let a(o) = 2*o + 7. Let k(r) = r**3 + 24*r**2 + 46*r + 49. Let f be k(-22). Determine a(f).
17
Let f be 8/12*9/6. Let b be f/4 - 33*6/24. Let v(i) = -i - 10. Determine v(b).
-2
Suppose 2*j + j - 3*n = 9, -15 = -5*j - 5*n. Let i(h) = 0*h - j*h + h**2 - 1 - 2*h + 0*h. Give i(5).
-1
Let f(z) = -5*z**3 + 14*z**2 + 6*z + 1. Let c(b) = 7*b**3 - 16*b**2 - 8*b - 2. Let v(k) = 3*c(k) + 4*f(k). Calculate v(-8).
-2
Let a(f) = -f**2 - 5*f - 2. Let z be a(-4). Let n(w) = 2*w**z + w**3 - 2*w**2 + w - 5*w**2. Let y be (-7)/(7/(-6)) + -1. Calculate n(y).
5
Let t(u) = -5*u**2 + 5*u + 2. Let p(s) = 11*s**2 - 10*s - 4. Let k(l) = -2*p(l) - 5*t(l). What is k(4)?
26
Let h(t) be the first derivative of -t**3/3 + 2*t**2 - 2*t - 62. Calculate h(5).
-7
Let o(m) be the first derivative of -8*m - 1/2*m**2 + 11 + 1/3*m**3. Give o(0).
-8
Let l(y) = 2*y - 1. Let x be (8 - 4) + -8 - -52. Suppose x - 78 = 5*m. Determine l(m).
-13
Let d(j) = 8*j + 10. Let r be d(-1). Let t = -1 - -3. Let o(f) = 6*f - r*f + 3*f**t - 2*f**2. What is o(-3)?
-3
Let l(t) be the first derivative of t**2 - 8. Let k be l(1). Let g(j) = 6 - j + 1 - k + 3*j. Calculate g(-5).
-5
Let t(q) = -2*q + 2. Suppose -13 = -5*g - 3. Suppose -g*j + 3*j - 2*l - 6 = 0, -3*j = l + 10. Let x be -1*(-1 - j) + -3. Determine t(x).
10
Let x(o) = -o**2 - 7*o - 9. Let t(h) = -h**2 - 13*h - 28. Suppose -a = -v - 7, -a + 3*a = -8. Let k be t(v). Determine x(k).
-3
Let a(k) = -2*k**2 - 3*k + 3*k**2 - 9*k**3 - 1 + 4*k. Suppose 15 + 21 = 18*p. Suppose 7 = p*v + 5. What is a(v)?
-8
Suppose 3*w - 4*w - 2*g = 4, 3*w + 4*g = -4. Suppose w*j = 8*j. Let q(i) = -i**3 - i**2 - i + 2. Give q(j).
2
Let u(q) = -q**3 - 2*q**2 - 2*q - 2. Suppose -206*b + 202*b - 30 = 5*g, 5 = -b. Give u(g).
2
Let l(z) = 0*z + 4*z + 15 - 5*z. Let f be l(13). Let a(s) = 4*s - 2. Determine a(f).
6
Let o(r) = 932 - 18*r + r - 936. What is o(-1)?
13
Let t be ((-44)/(-8) + -3)/(19/(-38)). Let m(c) = 0*c - 5*c - 5 + 4*c. Determine m(t).
0
Suppose 4*z + 6 - 2 = 0. Let y(n) = 10*n**3 - 2*n**2 - 2*n + 2. Let a(k) = -k**2 - k + 1. Suppose -3 = -2*o + o. Let d(g) = o*a(g) + z*y(g). Give d(1).
-11
Let v(j) = -4*j - 3. Let f(g) = -5*g - 5. Let n(a) = 5*f(a) - 6*v(a). Give n(-9).
2
Let q = -49 - -46. Let g(k) = -9*k - 